{"id":9824,"date":"2024-05-10T10:36:24","date_gmt":"2024-05-10T08:36:24","guid":{"rendered":"https:\/\/arcidiocesicampobasso.it\/?page_id=9824"},"modified":"2025-01-02T11:39:57","modified_gmt":"2025-01-02T10:39:57","slug":"arcivescovo-emerito","status":"publish","type":"page","link":"https:\/\/arcidiocesicampobasso.it\/index.php\/arcivescovo-emerito\/","title":{"rendered":"Arcivescovo Emerito"},"content":{"rendered":"\t\t<div data-elementor-type=\"wp-page\" data-elementor-id=\"9824\" class=\"elementor elementor-9824\" data-elementor-post-type=\"page\">\n\t\t\t\t<div class=\"elementor-element elementor-element-03e205e e-flex e-con-boxed e-con e-parent\" data-id=\"03e205e\" data-element_type=\"container\" data-e-type=\"container\" data-settings=\"{&quot;background_background&quot;:&quot;classic&quot;}\">\n\t\t\t\t\t<div class=\"e-con-inner\">\n\t\t<div class=\"elementor-element elementor-element-637b22f e-con-full e-flex e-con e-child\" data-id=\"637b22f\" data-element_type=\"container\" data-e-type=\"container\">\n\t\t\t\t<div class=\"elementor-element elementor-element-7cf1aa3 elementor-widget elementor-widget-heading\" data-id=\"7cf1aa3\" data-element_type=\"widget\" data-e-type=\"widget\" data-widget_type=\"heading.default\">\n\t\t\t\t<div class=\"elementor-widget-container\">\n\t\t\t\t\t<h1 class=\"elementor-heading-title elementor-size-default\">ARCIVESCOVO EMERITO<\/h1>\t\t\t\t<\/div>\n\t\t\t\t<\/div>\n\t\t\t\t<\/div>\n\t\t<div class=\"elementor-element elementor-element-0e913e2 e-con-full e-flex e-con e-child\" data-id=\"0e913e2\" data-element_type=\"container\" data-e-type=\"container\">\n\t\t\t\t<\/div>\n\t\t\t\t\t<\/div>\n\t\t\t\t<\/div>\n\t\t\t\t<section class=\"elementor-section elementor-top-section elementor-element elementor-element-6d354a1 elementor-section-boxed elementor-section-height-default elementor-section-height-default\" data-id=\"6d354a1\" data-element_type=\"section\" data-e-type=\"section\">\n\t\t\t\t\t\t<div class=\"elementor-container elementor-column-gap-default\">\n\t\t\t\t\t<div class=\"elementor-column elementor-col-50 elementor-top-column elementor-element elementor-element-89614f9\" data-id=\"89614f9\" data-element_type=\"column\" data-e-type=\"column\">\n\t\t\t<div class=\"elementor-widget-wrap elementor-element-populated\">\n\t\t\t\t\t\t<div class=\"elementor-element elementor-element-25c300f elementor-widget elementor-widget-image\" data-id=\"25c300f\" data-element_type=\"widget\" data-e-type=\"widget\" data-widget_type=\"image.default\">\n\t\t\t\t<div class=\"elementor-widget-container\">\n\t\t\t\t\t\t\t\t\t\t\t\t\t\t\t<img fetchpriority=\"high\" decoding=\"async\" width=\"633\" height=\"1012\" src=\"https:\/\/arcidiocesicampobasso.it\/wp-content\/uploads\/2017\/03\/mons.bregantini-641x1024.jpg\" class=\"attachment-large size-large wp-image-1861\" alt=\"\" srcset=\"https:\/\/arcidiocesicampobasso.it\/wp-content\/uploads\/2017\/03\/mons.bregantini-641x1024.jpg 641w, https:\/\/arcidiocesicampobasso.it\/wp-content\/uploads\/2017\/03\/mons.bregantini-188x300.jpg 188w, https:\/\/arcidiocesicampobasso.it\/wp-content\/uploads\/2017\/03\/mons.bregantini-768x1227.jpg 768w, https:\/\/arcidiocesicampobasso.it\/wp-content\/uploads\/2017\/03\/mons.bregantini.jpg 1515w\" sizes=\"(max-width: 633px) 100vw, 633px\" \/>\t\t\t\t\t\t\t\t\t\t\t\t\t\t\t<\/div>\n\t\t\t\t<\/div>\n\t\t\t\t\t<\/div>\n\t\t<\/div>\n\t\t\t\t<div class=\"elementor-column elementor-col-50 elementor-top-column elementor-element elementor-element-0b47d54\" data-id=\"0b47d54\" data-element_type=\"column\" data-e-type=\"column\">\n\t\t\t<div class=\"elementor-widget-wrap elementor-element-populated\">\n\t\t\t\t\t\t<div class=\"elementor-element elementor-element-067d8e3 elementor-widget elementor-widget-image\" data-id=\"067d8e3\" data-element_type=\"widget\" data-e-type=\"widget\" data-widget_type=\"image.default\">\n\t\t\t\t<div class=\"elementor-widget-container\">\n\t\t\t\t\t\t\t\t\t\t\t\t\t\t\t<img decoding=\"async\" width=\"640\" height=\"905\" src=\"https:\/\/arcidiocesicampobasso.it\/wp-content\/uploads\/2017\/03\/logo-arcivescovo-724x1024.jpg\" class=\"attachment-large size-large wp-image-1864\" alt=\"\" srcset=\"https:\/\/arcidiocesicampobasso.it\/wp-content\/uploads\/2017\/03\/logo-arcivescovo-724x1024.jpg 724w, https:\/\/arcidiocesicampobasso.it\/wp-content\/uploads\/2017\/03\/logo-arcivescovo-212x300.jpg 212w, https:\/\/arcidiocesicampobasso.it\/wp-content\/uploads\/2017\/03\/logo-arcivescovo-768x1086.jpg 768w, https:\/\/arcidiocesicampobasso.it\/wp-content\/uploads\/2017\/03\/logo-arcivescovo.jpg 1654w\" sizes=\"(max-width: 640px) 100vw, 640px\" \/>\t\t\t\t\t\t\t\t\t\t\t\t\t\t\t<\/div>\n\t\t\t\t<\/div>\n\t\t\t\t\t<\/div>\n\t\t<\/div>\n\t\t\t\t\t<\/div>\n\t\t<\/section>\n\t\t\t\t<section class=\"elementor-section elementor-top-section elementor-element elementor-element-2c533486 elementor-section-boxed elementor-section-height-default elementor-section-height-default\" data-id=\"2c533486\" data-element_type=\"section\" data-e-type=\"section\">\n\t\t\t\t\t\t<div class=\"elementor-container elementor-column-gap-default\">\n\t\t\t\t\t<div class=\"elementor-column elementor-col-100 elementor-top-column elementor-element elementor-element-78332f46\" data-id=\"78332f46\" data-element_type=\"column\" data-e-type=\"column\">\n\t\t\t<div class=\"elementor-widget-wrap elementor-element-populated\">\n\t\t\t\t\t\t<div class=\"elementor-element elementor-element-109191fc elementor-widget elementor-widget-text-editor\" data-id=\"109191fc\" data-element_type=\"widget\" data-e-type=\"widget\" data-widget_type=\"text-editor.default\">\n\t\t\t\t<div class=\"elementor-widget-container\">\n\t\t\t\t\t\t\t\t\t<p><strong>S.E. Mons. GianCarlo Maria Bregantini<\/strong> \u00e8 nato a Denno (TN)\u00a0 il 28 settembre 1948. Dopo aver frequentato le classi medie, il ginnasio ed il liceo del nelle scuole della congregazione dei Padri Stimmatini, ha continuato gli studi presso lo studentato teologico &#8220;Zenonianum&#8221;\u00a0 di Verona e, successivamente, presso la Pontificia Universit\u00e0 Gregoriana, conseguendo la licenza<br \/>in Storia della Chiesa.<\/p><p>Ha emesso la professione perpetua il 13 giugno 1974. Fin da giovane religioso \u00e8 stato trasferito in Calabria. \u00c8 stato ordinato sacerdote a Crotone il primo luglio 1978. Dal 1900 78 al 1987 Mons. Bregantini\u00a0 \u00e8 stato vicario cooperatore nella parrocchia di Santa Chiara in Crotone, delegato diocesano per la pastorale del lavoro, docente di Storia della Chiesa nel seminario regionale di Catanzaro e di religione presso l&#8217;Istituto Nautico di Crotone. Nello stesso periodo\u00a0 ha curato l&#8217;animazione spirituale degli obiettori di coscienza.<br \/>Dal 1982 al 1985\u00a0 \u00e8 stato eletto consigliere provinciale della Provincia Stimmatina &#8220;Santa Maria della Speranza&#8221;.\u00a0 Dal 1985 al 1987\u00a0 \u00e8 stato cappellano del carcere circondariale di Crotone. Dal 1987 al 1994 in Puglia a Bari si \u00e8 dedicato alla formazione dei Clerici della sua congregazione religiosa Virgola ed \u00e8 stato nominato parroco di San Cataldo virgola a Bari. Nel 1992 gli \u00e8 stato affidato l&#8217;incarico di cappellano del centro traumatologico ospedaliero di Bari e di docente di religione presso un istituto privato gestito da religiose.<br \/>\u00a0\u00e8 stato eletto dalla chiesa di Locri-Gerace\u00a0 il 12 febbraio 1994, ha ricevuto l&#8217;ordinazione episcopale il 7 aprile dello stesso anno. Presidente della Commissione CEI Problemi Sociali e Lavoro, Giustizia e Pace e Salvaguardia del Creato, l\u20198 novembre 2007 \u00e8 assegnato alla sede arcivescovile metropolitana di Campobasso &#8211; Bojano, dove entra il 19 gennaio 2008. Nel 2010\u00a0 in Molise si fa artefice di un\u2019iniziativa a difesa della sanit\u00e0 regionale. Giornalista iscritto all\u2019ordine dei Giornalisti Molise, il \u00a0suo nome \u00e8 sinonimo di vescovo antimafia. Nel libro, edito da Citt\u00e0 Nuova, <em>Il nostro sud in un paese (reciprocamente) solidale<\/em> argomenta, con la consueta franchezza, le sue coraggiose posizioni sui temi pi\u00f9 scottanti: unit\u00e0 d&#8217;Italia e federalismo fiscale, vescovi e Sud, profezia e 8 per mille, Lega Nord e Mezzogiorno, Fiat e sindacati, donne e &#8216;ndrangheta, grande centro e politici cattolici, Chiesa e mondo del lavoro. \u00a0Per questo suo spirito mite e combattivo, tipico dell\u2019etica cristiana, riceve\u00a0 premi\u00a0 significativi.Tra gli altri ricordiamo nel 2009 il <strong>premio Bachelet per la legalit\u00e0<\/strong>, nel\u00a0 2013 la citt\u00e0 di Benevento\u00a0 gli attribuisce il <strong>premio Fraternit\u00e0 <\/strong>e\u00a0 il riconoscimento a Capri\u00a0 di \u201d<strong>Ambasciatore della Natura 2013\u201d<\/strong> per l\u2019impegno nella difesa del patrimonio ambientale, naturale, ecologico e paesaggistico in Italia e nel Mondo.\u00a0 Nella sua instancabile attivit\u00e0 pastorale, da abile comunicatore,\u00a0 padre Giancarlo continua\u00a0 a donare perle e riflessioni di saggezza, trai tanti suoi libri Ricordiamo <em>La terra e la gente. La speranza in cui credo<\/em>, Monti, 2001;<em> Cari giovani, scrivo a voi<\/em>, Ist. San Gaetano, 2007: <em>Le sette parole di Ges\u00f9 sulla croce<\/em>, Edizioni Messaggero, 2010.<em> Non possiamo tacere. Le parole e la bellezza per vincere la mafia<\/em>, Milano, Piemme, 2011. Di rilievo la stesura delle meditazioni sulla <strong><em>Via Crucis 2014<\/em><\/strong> al Colosseo affidate a mons. Bregantini da Papa Francesco. Il<strong> 5 luglio 2014<\/strong>, papa Francesco visita il Molise e lo ringrazia per le Meditazioni a lui assegnate.<\/p><p>L&#8217;11 gennaio\u00a0<a href=\"https:\/\/it.wikipedia.org\/wiki\/2021\">2021<\/a>\u00a0viene eletto vicepresidente della\u00a0<a href=\"https:\/\/it.wikipedia.org\/wiki\/Regione_ecclesiastica_Abruzzo-Molise\">Conferenza episcopale dell&#8217;Abruzzo-Molise<\/a>, succedendo a\u00a0<a href=\"https:\/\/it.wikipedia.org\/wiki\/Gianfranco_De_Luca\">Gianfranco De Luca<\/a>, vescovo di\u00a0<a href=\"https:\/\/it.wikipedia.org\/wiki\/Diocesi_di_Termoli-Larino\">Termoli-Larino<\/a>. Presso la conferenza stessa \u00e8 delegato per i problemi sociali e il lavoro.<\/p><p>Il 6 dicembre\u00a0<a href=\"https:\/\/it.wikipedia.org\/wiki\/2023\">2023<\/a>\u00a0papa Francesco accetta la sua rinuncia, presentata per raggiunti limiti di et\u00e0, al governo pastorale dell&#8217;Arcidiocesi di Campobasso-Boiano; gli succede\u00a0<a href=\"https:\/\/it.wikipedia.org\/wiki\/Biagio_Colaianni\">Biagio Colaianni<\/a>, fino ad allora\u00a0<a href=\"https:\/\/it.wikipedia.org\/wiki\/Vicario_generale\">vicario generale<\/a>\u00a0di\u00a0<a href=\"https:\/\/it.wikipedia.org\/wiki\/Arcidiocesi_di_Matera-Irsina\">Matera-Irsina<\/a>. Rimane\u00a0<a href=\"https:\/\/it.wikipedia.org\/wiki\/Amministratore_apostolico\">amministratore apostolico<\/a>\u00a0dell&#8217;arcidiocesi fino all&#8217;ingresso del successore, avvenuto il 9 marzo\u00a0<a href=\"https:\/\/it.wikipedia.org\/wiki\/2024\">2024<\/a>.<\/p><p>\u00a0<\/p>\t\t\t\t\t\t\t\t<\/div>\n\t\t\t\t<\/div>\n\t\t\t\t\t<\/div>\n\t\t<\/div>\n\t\t\t\t\t<\/div>\n\t\t<\/section>\n\t\t\t\t<\/div>\n\t\t","protected":false},"excerpt":{"rendered":"<p>ARCIVESCOVO EMERITO S.E. Mons. GianCarlo Maria Bregantini \u00e8 nato a Denno (TN)\u00a0 il 28 settembre 1948. Dopo aver frequentato le classi medie, il ginnasio ed il liceo del nelle scuole [&hellip;]<\/p>\n","protected":false},"author":1,"featured_media":0,"parent":0,"menu_order":0,"comment_status":"closed","ping_status":"closed","template":"elementor_header_footer","meta":{"ngg_post_thumbnail":0,"footnotes":""},"class_list":["post-9824","page","type-page","status-publish","hentry"],"_links":{"self":[{"href":"https:\/\/arcidiocesicampobasso.it\/index.php\/wp-json\/wp\/v2\/pages\/9824","targetHints":{"allow":["GET"]}}],"collection":[{"href":"https:\/\/arcidiocesicampobasso.it\/index.php\/wp-json\/wp\/v2\/pages"}],"about":[{"href":"https:\/\/arcidiocesicampobasso.it\/index.php\/wp-json\/wp\/v2\/types\/page"}],"author":[{"embeddable":true,"href":"https:\/\/arcidiocesicampobasso.it\/index.php\/wp-json\/wp\/v2\/users\/1"}],"replies":[{"embeddable":true,"href":"https:\/\/arcidiocesicampobasso.it\/index.php\/wp-json\/wp\/v2\/comments?post=9824"}],"version-history":[{"count":25,"href":"https:\/\/arcidiocesicampobasso.it\/index.php\/wp-json\/wp\/v2\/pages\/9824\/revisions"}],"predecessor-version":[{"id":14135,"href":"https:\/\/arcidiocesicampobasso.it\/index.php\/wp-json\/wp\/v2\/pages\/9824\/revisions\/14135"}],"wp:attachment":[{"href":"https:\/\/arcidiocesicampobasso.it\/index.php\/wp-json\/wp\/v2\/media?parent=9824"}],"curies":[{"name":"wp","href":"https:\/\/api.w.org\/{rel}","templated":true}]}}