{"id":932,"date":"2017-03-21T16:13:24","date_gmt":"2017-03-21T15:13:24","guid":{"rendered":"http:\/\/arcidiocesicampobasso.it\/?page_id=932"},"modified":"2025-01-09T15:45:40","modified_gmt":"2025-01-09T14:45:40","slug":"curia-arcivescovile","status":"publish","type":"page","link":"https:\/\/arcidiocesicampobasso.it\/index.php\/curia-arcivescovile\/","title":{"rendered":"Curia Arcivescovile"},"content":{"rendered":"\t\t<div data-elementor-type=\"wp-page\" data-elementor-id=\"932\" class=\"elementor elementor-932\" data-elementor-post-type=\"page\">\n\t\t\t\t<div class=\"elementor-element elementor-element-42a0ec8 e-flex e-con-boxed e-con e-parent\" data-id=\"42a0ec8\" data-element_type=\"container\" data-e-type=\"container\" data-settings=\"{&quot;background_background&quot;:&quot;classic&quot;}\">\n\t\t\t\t\t<div class=\"e-con-inner\">\n\t\t<div class=\"elementor-element elementor-element-9da4a1d e-con-full e-flex e-con e-child\" data-id=\"9da4a1d\" data-element_type=\"container\" data-e-type=\"container\">\n\t\t\t\t<div class=\"elementor-element elementor-element-85d31eb elementor-widget elementor-widget-heading\" data-id=\"85d31eb\" data-element_type=\"widget\" data-e-type=\"widget\" data-widget_type=\"heading.default\">\n\t\t\t\t<div class=\"elementor-widget-container\">\n\t\t\t\t\t<h1 class=\"elementor-heading-title elementor-size-default\">CURIA ARCIVESCOVILE<\/h1>\t\t\t\t<\/div>\n\t\t\t\t<\/div>\n\t\t\t\t<\/div>\n\t\t<div class=\"elementor-element elementor-element-5971888 e-con-full e-flex e-con e-child\" data-id=\"5971888\" data-element_type=\"container\" data-e-type=\"container\">\n\t\t\t\t<\/div>\n\t\t\t\t\t<\/div>\n\t\t\t\t<\/div>\n\t\t<div class=\"elementor-element elementor-element-fa56827 e-flex e-con-boxed e-con e-parent\" data-id=\"fa56827\" data-element_type=\"container\" data-e-type=\"container\">\n\t\t\t\t\t<div class=\"e-con-inner\">\n\t\t\t\t\t<\/div>\n\t\t\t\t<\/div>\n\t\t<div class=\"elementor-element elementor-element-a65312f e-flex e-con-boxed e-con e-parent\" data-id=\"a65312f\" data-element_type=\"container\" data-e-type=\"container\">\n\t\t\t\t\t<div class=\"e-con-inner\">\n\t\t<div class=\"elementor-element elementor-element-be39f2e e-con-full e-flex e-con e-child\" data-id=\"be39f2e\" data-element_type=\"container\" data-e-type=\"container\">\n\t\t\t\t<div class=\"elementor-element elementor-element-e92c8a2 elementor-widget elementor-widget-image\" data-id=\"e92c8a2\" data-element_type=\"widget\" data-e-type=\"widget\" data-widget_type=\"image.default\">\n\t\t\t\t<div class=\"elementor-widget-container\">\n\t\t\t\t\t\t\t\t\t\t\t\t\t\t\t<img fetchpriority=\"high\" decoding=\"async\" width=\"373\" height=\"280\" src=\"https:\/\/arcidiocesicampobasso.it\/wp-content\/uploads\/2019\/02\/foto_facciata-Seminario-diocesano.jpg\" class=\"attachment-total-blog-thumb size-total-blog-thumb wp-image-4723\" alt=\"\" srcset=\"https:\/\/arcidiocesicampobasso.it\/wp-content\/uploads\/2019\/02\/foto_facciata-Seminario-diocesano.jpg 4032w, https:\/\/arcidiocesicampobasso.it\/wp-content\/uploads\/2019\/02\/foto_facciata-Seminario-diocesano-300x225.jpg 300w, https:\/\/arcidiocesicampobasso.it\/wp-content\/uploads\/2019\/02\/foto_facciata-Seminario-diocesano-768x576.jpg 768w, https:\/\/arcidiocesicampobasso.it\/wp-content\/uploads\/2019\/02\/foto_facciata-Seminario-diocesano-1012x759.jpg 1012w\" sizes=\"(max-width: 373px) 100vw, 373px\" \/>\t\t\t\t\t\t\t\t\t\t\t\t\t\t\t<\/div>\n\t\t\t\t<\/div>\n\t\t\t\t<\/div>\n\t\t<div class=\"elementor-element elementor-element-91baccf e-con-full e-flex e-con e-child\" data-id=\"91baccf\" data-element_type=\"container\" data-e-type=\"container\">\n\t\t\t\t<div class=\"elementor-element elementor-element-c2703bb elementor-widget elementor-widget-image\" data-id=\"c2703bb\" data-element_type=\"widget\" data-e-type=\"widget\" data-widget_type=\"image.default\">\n\t\t\t\t<div class=\"elementor-widget-container\">\n\t\t\t\t\t\t\t\t\t\t\t\t\t\t\t<img decoding=\"async\" width=\"400\" height=\"275\" src=\"https:\/\/arcidiocesicampobasso.it\/wp-content\/uploads\/2017\/03\/acbbo.png\" class=\"attachment-total-blog-thumb size-total-blog-thumb wp-image-1177\" alt=\"\" srcset=\"https:\/\/arcidiocesicampobasso.it\/wp-content\/uploads\/2017\/03\/acbbo.png 800w, https:\/\/arcidiocesicampobasso.it\/wp-content\/uploads\/2017\/03\/acbbo-300x206.png 300w, https:\/\/arcidiocesicampobasso.it\/wp-content\/uploads\/2017\/03\/acbbo-768x528.png 768w\" sizes=\"(max-width: 400px) 100vw, 400px\" \/>\t\t\t\t\t\t\t\t\t\t\t\t\t\t\t<\/div>\n\t\t\t\t<\/div>\n\t\t\t\t<\/div>\n\t\t<div class=\"elementor-element elementor-element-7f63e1c e-con-full e-flex e-con e-child\" data-id=\"7f63e1c\" data-element_type=\"container\" data-e-type=\"container\">\n\t\t\t\t<div class=\"elementor-element elementor-element-0a7d625 elementor-widget elementor-widget-text-editor\" data-id=\"0a7d625\" data-element_type=\"widget\" data-e-type=\"widget\" data-widget_type=\"text-editor.default\">\n\t\t\t\t<div class=\"elementor-widget-container\">\n\t\t\t\t\t\t\t\t\t<div class=\"entry clearfloat\" style=\"text-align: left;\">Patrono: <strong>S. Bartolomeo Apostolo<\/strong><\/div><div class=\"entry clearfloat\" style=\"text-align: left;\">Cattedrale: <strong>SS.ma Trinit\u00e0<\/strong><\/div><div class=\"entry clearfloat\" style=\"text-align: left;\">Superfice: 1.120 Kmq.<\/div><div class=\"entry clearfloat\" style=\"text-align: left;\">Popolazione: 126.800<\/div><div class=\"entry clearfloat\" style=\"text-align: left;\">Parrocchie n. 69<\/div><div class=\"entry clearfloat\" style=\"text-align: left;\">Sacerdoti secolari n. 63<\/div><div class=\"entry clearfloat\" style=\"text-align: left;\">Sacerdoti religiosi n. 43<\/div><div class=\"entry clearfloat\" style=\"text-align: left;\">Diaconi permanenti n. 20<\/div><div class=\"entry clearfloat\" style=\"text-align: left;\">Lettori n. 5<\/div><div class=\"entry clearfloat\" style=\"text-align: left;\">Accoliti n. 2<\/div><div class=\"entry clearfloat\" style=\"text-align: left;\">\u00a0<\/div>\t\t\t\t\t\t\t\t<\/div>\n\t\t\t\t<\/div>\n\t\t\t\t<\/div>\n\t\t<div class=\"elementor-element elementor-element-53de432 e-con-full e-flex e-con e-child\" data-id=\"53de432\" data-element_type=\"container\" data-e-type=\"container\">\n\t\t\t\t<div class=\"elementor-element elementor-element-016ab7d elementor-widget elementor-widget-text-editor\" data-id=\"016ab7d\" data-element_type=\"widget\" data-e-type=\"widget\" data-widget_type=\"text-editor.default\">\n\t\t\t\t<div class=\"elementor-widget-container\">\n\t\t\t\t\t\t\t\t\t<div class=\"entry clearfloat\"><strong>Tel.<\/strong> 0874-60694<\/div><div class=\"entry clearfloat\"><strong>Fax<\/strong> 0874-60149 &#8211; 0874-6825304<\/div><div class=\"entry clearfloat\"><strong>E-mail<\/strong>: arcidiocesi@arcidiocesicampobasso.it<\/div><div class=\"entry clearfloat\"><strong>Sito<\/strong>: www.arcidiocesicampobasso.it<\/div><div><strong>Indirizzo<\/strong>:\u00a0Via Mazzini, 76 &#8211; 86100 Campobasso (CB)<\/div><div><strong>Orari<\/strong>:\u00a0Luned\u00ec, Marted\u00ec, Mercoled\u00ec, Venerd\u00ec ore 9.00-13.00<\/div>\t\t\t\t\t\t\t\t<\/div>\n\t\t\t\t<\/div>\n\t\t\t\t<\/div>\n\t\t\t\t\t<\/div>\n\t\t\t\t<\/div>\n\t\t<div class=\"elementor-element elementor-element-19031028 e-flex e-con-boxed e-con e-parent\" data-id=\"19031028\" data-element_type=\"container\" data-e-type=\"container\">\n\t\t\t\t\t<div class=\"e-con-inner\">\n\t\t\t\t<div class=\"elementor-element elementor-element-4844a75e elementor-widget elementor-widget-text-editor\" data-id=\"4844a75e\" data-element_type=\"widget\" data-e-type=\"widget\" data-widget_type=\"text-editor.default\">\n\t\t\t\t<div class=\"elementor-widget-container\">\n\t\t\t\t\t\t\t\t\t<div class=\"entry clearfloat\" style=\"text-align: center;\"><strong>Segreteria della Curia<\/strong><\/div><div class=\"entry clearfloat\" style=\"text-align: center;\">Sig.ra Rachele Aceto<\/div><div class=\"entry clearfloat\" style=\"text-align: center;\">\u00a0<\/div><div class=\"entry clearfloat\" style=\"text-align: center;\"><strong>Vicario Generale e Moderatore della Curia<\/strong><\/div><div class=\"entry clearfloat\" style=\"text-align: center;\">Sac. Antonio Arienzale<\/div><div class=\"entry clearfloat\" style=\"text-align: center;\"><em>Tel.<\/em> 0874-6825213<\/div><div class=\"entry clearfloat\" style=\"text-align: center;\">e-mail: vicariogen@arcidiocesicampobasso.it<\/div><div class=\"entry clearfloat\" style=\"text-align: center;\">\u00a0<\/div><div class=\"entry clearfloat\" style=\"text-align: center;\"><strong>Vicari Episcopali<\/strong><\/div><div class=\"entry clearfloat\" style=\"text-align: center;\">Sac. Michele Tartaglia <em>Area Profetica<\/em><\/div><div class=\"entry clearfloat\" style=\"text-align: center;\">Sac. Rocco Di Filippo <em>Area Sacerdotale<\/em><\/div><div class=\"entry clearfloat\" style=\"text-align: center;\">Sac. Franco D&#8217;Onofrio <em>Area Regale<\/em><\/div><div class=\"entry clearfloat\" style=\"text-align: center;\"><div class=\"entry clearfloat\">Sac. Fabio Di Tommaso <em>Basilica Minore dell&#8217;Addolorata di Castelpetroso<\/em><\/div><div class=\"entry clearfloat\">\u00a0<\/div><\/div><div class=\"entry clearfloat\" style=\"text-align: center;\"><strong>Cancelliere<\/strong><\/div><div class=\"entry clearfloat\" style=\"text-align: center;\">Sac. Saverio Di Tommaso<\/div><div class=\"entry clearfloat\" style=\"text-align: center;\"><em>tel.<\/em> 0874-6825202<\/div><div class=\"entry clearfloat\" style=\"text-align: center;\">\u00a0<\/div><div class=\"entry clearfloat\" style=\"text-align: center;\"><strong>Vice Cancelliere<\/strong><\/div><div class=\"entry clearfloat\" style=\"text-align: center;\">Sac. Marco Filadelfi<\/div><div class=\"entry clearfloat\" style=\"text-align: center;\"><em>tel.<\/em> 0874-6825202<\/div><div class=\"entry clearfloat\" style=\"text-align: center;\">\u00a0<\/div><div class=\"entry clearfloat\" style=\"text-align: center;\"><strong>Economo<\/strong><\/div><div class=\"entry clearfloat\" style=\"text-align: center;\">Rag. Rachele Aceto<\/div><div class=\"entry clearfloat\" style=\"text-align: center;\"><em>tel.<\/em> 0874-6825201<\/div><div class=\"entry clearfloat\" style=\"text-align: center;\">\u00a0<\/div><div class=\"entry clearfloat\" style=\"text-align: center;\">\u00a0<\/div><div class=\"entry clearfloat\" style=\"text-align: center;\">\u00a0<\/div><div class=\"entry clearfloat\" style=\"text-align: center;\"><strong>Vescovi Oriundi della Diocesi<\/strong><\/div><div class=\"entry clearfloat\" style=\"text-align: center;\">\u00a0<\/div><div class=\"entry clearfloat\" style=\"text-align: center;\"><strong>S.E Mons. Angelo Spina<\/strong> &#8211; Vescovo di Sulmona Valva<\/div><div class=\"entry clearfloat\" style=\"text-align: center;\">Via Roosvelt &#8211; tel 086453243<\/div><div class=\"entry clearfloat\" style=\"text-align: center;\">\u00a0<\/div><div class=\"entry clearfloat\" style=\"text-align: center;\"><div class=\"entry clearfloat\"><strong>S.E. Mons. Rosario Pio Ramolo<\/strong> &#8211; Vescovo di Gore\u00e8<\/div><p>Ev\u00e8ch\u00e8, B.P.61, Mopundou &#8211; Gor\u00e8. Tchad<\/p><\/div><div class=\"entry clearfloat\" style=\"text-align: center;\">\u00a0<\/div><div class=\"entry clearfloat\" style=\"text-align: center;\"><a title=\"Sezione Download\" href=\"https:\/\/arcidiocesicampobasso.it\/index.php\/documenti-della-diocesi\/\">Documenti della Diocesi<\/a><br \/><a title=\"Annuario Parrocchie\" href=\"https:\/\/arcidiocesicampobasso.it\/index.php\/annuario-parrocchie\/\">Annuario Parrocchie<\/a><\/div><div class=\"entry clearfloat\" style=\"text-align: center;\">\u00a0<\/div><div class=\"entry clearfloat\" style=\"text-align: center;\">\u00a0<\/div>\t\t\t\t\t\t\t\t<\/div>\n\t\t\t\t<\/div>\n\t\t\t\t\t<\/div>\n\t\t\t\t<\/div>\n\t\t\t\t<\/div>\n\t\t","protected":false},"excerpt":{"rendered":"<p>CURIA ARCIVESCOVILE Patrono: S. Bartolomeo ApostoloCattedrale: SS.ma Trinit\u00e0Superfice: 1.120 Kmq.Popolazione: 126.800Parrocchie n. 69Sacerdoti secolari n. 63Sacerdoti religiosi n. 43Diaconi permanenti n. 20Lettori n. 5Accoliti n. 2\u00a0Tel. 0874-60694Fax 0874-60149 &#8211; 0874-6825304E-mail: [&hellip;]<\/p>\n","protected":false},"author":1,"featured_media":0,"parent":0,"menu_order":0,"comment_status":"closed","ping_status":"closed","template":"elementor_header_footer","meta":{"ngg_post_thumbnail":0,"footnotes":""},"class_list":["post-932","page","type-page","status-publish","hentry"],"_links":{"self":[{"href":"https:\/\/arcidiocesicampobasso.it\/index.php\/wp-json\/wp\/v2\/pages\/932","targetHints":{"allow":["GET"]}}],"collection":[{"href":"https:\/\/arcidiocesicampobasso.it\/index.php\/wp-json\/wp\/v2\/pages"}],"about":[{"href":"https:\/\/arcidiocesicampobasso.it\/index.php\/wp-json\/wp\/v2\/types\/page"}],"author":[{"embeddable":true,"href":"https:\/\/arcidiocesicampobasso.it\/index.php\/wp-json\/wp\/v2\/users\/1"}],"replies":[{"embeddable":true,"href":"https:\/\/arcidiocesicampobasso.it\/index.php\/wp-json\/wp\/v2\/comments?post=932"}],"version-history":[{"count":36,"href":"https:\/\/arcidiocesicampobasso.it\/index.php\/wp-json\/wp\/v2\/pages\/932\/revisions"}],"predecessor-version":[{"id":14784,"href":"https:\/\/arcidiocesicampobasso.it\/index.php\/wp-json\/wp\/v2\/pages\/932\/revisions\/14784"}],"wp:attachment":[{"href":"https:\/\/arcidiocesicampobasso.it\/index.php\/wp-json\/wp\/v2\/media?parent=932"}],"curies":[{"name":"wp","href":"https:\/\/api.w.org\/{rel}","templated":true}]}}