{"id":13825,"date":"2024-12-18T17:20:05","date_gmt":"2024-12-18T16:20:05","guid":{"rendered":"https:\/\/arcidiocesicampobasso.it\/?page_id=13825"},"modified":"2025-05-26T15:28:44","modified_gmt":"2025-05-26T13:28:44","slug":"progetto-policoro-2","status":"publish","type":"page","link":"https:\/\/arcidiocesicampobasso.it\/index.php\/progetto-policoro-2\/","title":{"rendered":"PROGETTO POLICORO"},"content":{"rendered":"\t\t<div data-elementor-type=\"wp-page\" data-elementor-id=\"13825\" class=\"elementor elementor-13825\" data-elementor-post-type=\"page\">\n\t\t\t\t<div class=\"elementor-element elementor-element-29d5b18 e-flex e-con-boxed e-con e-parent\" data-id=\"29d5b18\" data-element_type=\"container\" data-e-type=\"container\" data-settings=\"{&quot;background_background&quot;:&quot;classic&quot;}\">\n\t\t\t\t\t<div class=\"e-con-inner\">\n\t\t<div class=\"elementor-element elementor-element-f651c2c e-con-full e-flex e-con e-child\" data-id=\"f651c2c\" data-element_type=\"container\" data-e-type=\"container\">\n\t\t\t\t<div class=\"elementor-element elementor-element-baa868c elementor-widget elementor-widget-heading\" data-id=\"baa868c\" data-element_type=\"widget\" data-e-type=\"widget\" data-widget_type=\"heading.default\">\n\t\t\t\t<div class=\"elementor-widget-container\">\n\t\t\t\t\t<h1 class=\"elementor-heading-title elementor-size-default\">PROGETTO POLICORO<\/h1>\t\t\t\t<\/div>\n\t\t\t\t<\/div>\n\t\t\t\t<\/div>\n\t\t<div class=\"elementor-element elementor-element-01c3a09 e-con-full e-flex e-con e-child\" data-id=\"01c3a09\" data-element_type=\"container\" data-e-type=\"container\">\n\t\t\t\t<\/div>\n\t\t\t\t\t<\/div>\n\t\t\t\t<\/div>\n\t\t<div class=\"elementor-element elementor-element-69f82fa e-flex e-con-boxed e-con e-parent\" data-id=\"69f82fa\" data-element_type=\"container\" data-e-type=\"container\">\n\t\t\t\t\t<div class=\"e-con-inner\">\n\t\t<div class=\"elementor-element elementor-element-823d5bd e-con-full e-flex e-con e-child\" data-id=\"823d5bd\" data-element_type=\"container\" data-e-type=\"container\">\n\t\t\t\t<div class=\"elementor-element elementor-element-986d334 elementor-widget elementor-widget-text-editor\" data-id=\"986d334\" data-element_type=\"widget\" data-e-type=\"widget\" data-widget_type=\"text-editor.default\">\n\t\t\t\t<div class=\"elementor-widget-container\">\n\t\t\t\t\t\t\t\t\t<h5><strong>UN\u2019INIZIATIVA DI SOSTEGNO PER I GIOVANI E LA LORO AUTONOMIA ECONOMICA<\/strong><\/h5><h5>Il Progetto Policoro \u00e8 una delle iniziative pi\u00f9 significative dell&#8217;Arcidiocesi di Campobasso-Boiano per affrontare la problematica della disoccupazione giovanile e promuovere la cultura dell\u2019imprenditorialit\u00e0 tra i giovani del nostro territorio. Nato nel 1995 grazie all\u2019ispirazione di don Luigi Ciotti, il progetto si \u00e8 rapidamente esteso a livello nazionale con l\u2019obiettivo di offrire ai giovani un&#8217;alternativa concreta alla mancanza di opportunit\u00e0 lavorative, favorendo la loro autonomia economica e sociale attraverso la creazione di nuove imprese e l\u2019acquisizione di competenze professionali.<\/h5><h5>Il cuore del Progetto Policoro risiede nella formazione e nel supporto che viene offerto ai giovani, aiutandoli a sviluppare idee imprenditoriali, a capire le dinamiche del mondo del lavoro e a diventare protagonisti del proprio futuro. L\u2019Arcidiocesi di Campobasso-Boiano ha abbracciato con convinzione questo progetto, organizzando seminari, corsi di formazione e incontri di orientamento professionale per aiutare i giovani a fare scelte consapevoli e ad affrontare con coraggio le sfide del mercato del lavoro.<\/h5><h5>Nel corso degli anni, il Progetto Policoro ha aiutato molti giovani a mettere in pratica le loro idee, accompagnandoli in percorsi di avvio di attivit\u00e0 imprenditoriali, che spaziano dal settore agricolo, a quello del turismo, fino alla creazione di piccole imprese artigianali e servizi alla persona. La diocesi, attraverso la rete di esperti e professionisti del settore, offre consulenze e accompagnamento per la realizzazione di business plan, la gestione economica e la promozione di nuove attivit\u00e0 sul mercato.<\/h5><h5>Un altro aspetto fondamentale del progetto \u00e8 la creazione di reti di collaborazione tra i giovani stessi, favorendo lo scambio di idee, il lavoro di squadra e la condivisione di esperienze. Policoro si propone infatti come un vero e proprio incubatore di iniziative, dove le nuove generazioni non sono lasciate sole, ma accompagnate passo dopo passo nel loro percorso di crescita.<\/h5><h5>Il Progetto Policoro ha avuto anche un impatto sociale molto positivo, poich\u00e9 non si limita alla creazione di impresa, ma promuove un&#8217;idea di economia etica e sostenibile, attenta alle necessit\u00e0 della comunit\u00e0 e rispettosa dell\u2019ambiente. Molte delle attivit\u00e0 nate sotto l\u2019egida di questo progetto, infatti, hanno un forte valore sociale, promuovendo il lavoro nelle zone rurali e favorendo l&#8217;inclusione sociale di categorie pi\u00f9 vulnerabili.<\/h5><h5>In sintesi, il Progetto Policoro dell\u2019Arcidiocesi di Campobasso-Boiano rappresenta una risposta concreta alle sfide che i giovani devono affrontare in un mondo del lavoro sempre pi\u00f9 competitivo e precario. Non solo un&#8217;opportunit\u00e0 di crescita economica, ma anche un\u2019opportunit\u00e0 di crescita personale e spirituale, che aiuta i giovani a riscoprire il valore del lavoro come strumento di realizzazione e servizio per il bene comune. Attraverso il Progetto Policoro, l&#8217;Arcidiocesi vuole continuare a dare voce e speranza a tanti ragazzi, affinch\u00e9 possano costruire un futuro migliore per s\u00e9 e per la comunit\u00e0 in cui vivono.<\/h5><h5>\u00a0<\/h5>\t\t\t\t\t\t\t\t<\/div>\n\t\t\t\t<\/div>\n\t\t\t\t<div class=\"elementor-element elementor-element-ed62d6c elementor-widget-divider--view-line elementor-widget elementor-widget-divider\" data-id=\"ed62d6c\" data-element_type=\"widget\" data-e-type=\"widget\" data-widget_type=\"divider.default\">\n\t\t\t\t<div class=\"elementor-widget-container\">\n\t\t\t\t\t\t\t<div class=\"elementor-divider\">\n\t\t\t<span class=\"elementor-divider-separator\">\n\t\t\t\t\t\t<\/span>\n\t\t<\/div>\n\t\t\t\t\t\t<\/div>\n\t\t\t\t<\/div>\n\t\t\t\t<div class=\"elementor-element elementor-element-f970697 elementor-widget elementor-widget-heading\" data-id=\"f970697\" data-element_type=\"widget\" data-e-type=\"widget\" data-widget_type=\"heading.default\">\n\t\t\t\t<div class=\"elementor-widget-container\">\n\t\t\t\t\t<h2 class=\"elementor-heading-title elementor-size-default\">Elenco dei membri<\/h2>\t\t\t\t<\/div>\n\t\t\t\t<\/div>\n\t\t\t\t<div class=\"elementor-element elementor-element-df4b079 elementor-grid-1 elementor-posts--thumbnail-none elementor-grid-tablet-2 elementor-grid-mobile-1 elementor-card-shadow-yes elementor-posts__hover-gradient elementor-widget elementor-widget-posts\" data-id=\"df4b079\" data-element_type=\"widget\" data-e-type=\"widget\" data-settings=\"{&quot;cards_columns&quot;:&quot;1&quot;,&quot;cards_columns_tablet&quot;:&quot;2&quot;,&quot;cards_columns_mobile&quot;:&quot;1&quot;,&quot;cards_row_gap&quot;:{&quot;unit&quot;:&quot;px&quot;,&quot;size&quot;:35,&quot;sizes&quot;:[]},&quot;cards_row_gap_tablet&quot;:{&quot;unit&quot;:&quot;px&quot;,&quot;size&quot;:&quot;&quot;,&quot;sizes&quot;:[]},&quot;cards_row_gap_mobile&quot;:{&quot;unit&quot;:&quot;px&quot;,&quot;size&quot;:&quot;&quot;,&quot;sizes&quot;:[]}}\" data-widget_type=\"posts.cards\">\n\t\t\t\t<div class=\"elementor-widget-container\">\n\t\t\t\t\t\t\t<div class=\"elementor-posts-container elementor-posts elementor-posts--skin-cards elementor-grid\" role=\"list\">\n\t\t\t\t<article class=\"elementor-post elementor-grid-item post-13880 post type-post status-publish format-standard hentry category-persone category-progetto-policoro\" role=\"listitem\">\n\t\t\t<div class=\"elementor-post__card\">\n\t\t\t\t<div class=\"elementor-post__text\">\n\t\t\t\t<h3 class=\"elementor-post__title\">\n\t\t\t<a href=\"https:\/\/arcidiocesicampobasso.it\/index.php\/2024\/12\/18\/sac-mauro-giovanni-geremia\/\" >\n\t\t\t\tSac. Mauro Giovanni GEREMIA\t\t\t<\/a>\n\t\t<\/h3>\n\t\t\t\t<\/div>\n\t\t\t\t\t<\/div>\n\t\t<\/article>\n\t\t\t\t<\/div>\n\t\t\n\t\t\t\t\t\t<\/div>\n\t\t\t\t<\/div>\n\t\t\t\t<div class=\"elementor-element elementor-element-8a0effd elementor-widget-divider--view-line elementor-widget elementor-widget-divider\" data-id=\"8a0effd\" data-element_type=\"widget\" data-e-type=\"widget\" data-widget_type=\"divider.default\">\n\t\t\t\t<div class=\"elementor-widget-container\">\n\t\t\t\t\t\t\t<div class=\"elementor-divider\">\n\t\t\t<span class=\"elementor-divider-separator\">\n\t\t\t\t\t\t<\/span>\n\t\t<\/div>\n\t\t\t\t\t\t<\/div>\n\t\t\t\t<\/div>\n\t\t\t\t<div class=\"elementor-element elementor-element-89ffdb7 elementor-widget elementor-widget-heading\" data-id=\"89ffdb7\" data-element_type=\"widget\" data-e-type=\"widget\" data-widget_type=\"heading.default\">\n\t\t\t\t<div class=\"elementor-widget-container\">\n\t\t\t\t\t<h2 class=\"elementor-heading-title elementor-size-default\">Informazioni<\/h2>\t\t\t\t<\/div>\n\t\t\t\t<\/div>\n\t\t\t\t<div class=\"elementor-element elementor-element-de08b5b elementor-widget elementor-widget-text-editor\" data-id=\"de08b5b\" data-element_type=\"widget\" data-e-type=\"widget\" data-widget_type=\"text-editor.default\">\n\t\t\t\t<div class=\"elementor-widget-container\">\n\t\t\t\t\t\t\t\t\t<h5>Sac. Mauro Giovanni GEREMIA<\/h5>\t\t\t\t\t\t\t\t<\/div>\n\t\t\t\t<\/div>\n\t\t\t\t<\/div>\n\t\t\t\t\t<\/div>\n\t\t\t\t<\/div>\n\t\t<div class=\"elementor-element elementor-element-6ee7d60 e-flex e-con-boxed e-con e-parent\" data-id=\"6ee7d60\" data-element_type=\"container\" data-e-type=\"container\">\n\t\t\t\t\t<div class=\"e-con-inner\">\n\t\t<div class=\"elementor-element elementor-element-c1132c3 e-con-full e-flex e-con e-child\" data-id=\"c1132c3\" data-element_type=\"container\" data-e-type=\"container\">\n\t\t\t\t<div class=\"elementor-element elementor-element-f69334b elementor-widget elementor-widget-heading\" data-id=\"f69334b\" data-element_type=\"widget\" data-e-type=\"widget\" data-widget_type=\"heading.default\">\n\t\t\t\t<div class=\"elementor-widget-container\">\n\t\t\t\t\t<h2 class=\"elementor-heading-title elementor-size-default\">Documenti<\/h2>\t\t\t\t<\/div>\n\t\t\t\t<\/div>\n\t\t\t\t<\/div>\n\t\t<div class=\"elementor-element elementor-element-3b2b661 e-con-full e-flex e-con e-child\" data-id=\"3b2b661\" data-element_type=\"container\" data-e-type=\"container\">\n\t\t\t\t<div class=\"elementor-element elementor-element-a8177ac elementor-widget elementor-widget-heading\" data-id=\"a8177ac\" data-element_type=\"widget\" data-e-type=\"widget\" data-widget_type=\"heading.default\">\n\t\t\t\t<div class=\"elementor-widget-container\">\n\t\t\t\t\t<h2 class=\"elementor-heading-title elementor-size-default\">Notizie e avvisi<\/h2>\t\t\t\t<\/div>\n\t\t\t\t<\/div>\n\t\t\t\t<\/div>\n\t\t\t\t\t<\/div>\n\t\t\t\t<\/div>\n\t\t<div class=\"elementor-element elementor-element-31e3287 e-flex e-con-boxed e-con e-parent\" data-id=\"31e3287\" data-element_type=\"container\" data-e-type=\"container\">\n\t\t\t\t\t<div class=\"e-con-inner\">\n\t\t\t\t\t<\/div>\n\t\t\t\t<\/div>\n\t\t\t\t<\/div>\n\t\t","protected":false},"excerpt":{"rendered":"<p>PROGETTO POLICORO UN\u2019INIZIATIVA DI SOSTEGNO PER I GIOVANI E LA LORO AUTONOMIA ECONOMICA Il Progetto Policoro \u00e8 una delle iniziative pi\u00f9 significative dell&#8217;Arcidiocesi di Campobasso-Boiano per affrontare la problematica della<\/p>\n","protected":false},"author":1,"featured_media":0,"parent":0,"menu_order":0,"comment_status":"closed","ping_status":"closed","template":"elementor_header_footer","meta":{"ngg_post_thumbnail":0,"footnotes":""},"class_list":["post-13825","page","type-page","status-publish","hentry"],"_links":{"self":[{"href":"https:\/\/arcidiocesicampobasso.it\/index.php\/wp-json\/wp\/v2\/pages\/13825","targetHints":{"allow":["GET"]}}],"collection":[{"href":"https:\/\/arcidiocesicampobasso.it\/index.php\/wp-json\/wp\/v2\/pages"}],"about":[{"href":"https:\/\/arcidiocesicampobasso.it\/index.php\/wp-json\/wp\/v2\/types\/page"}],"author":[{"embeddable":true,"href":"https:\/\/arcidiocesicampobasso.it\/index.php\/wp-json\/wp\/v2\/users\/1"}],"replies":[{"embeddable":true,"href":"https:\/\/arcidiocesicampobasso.it\/index.php\/wp-json\/wp\/v2\/comments?post=13825"}],"version-history":[{"count":10,"href":"https:\/\/arcidiocesicampobasso.it\/index.php\/wp-json\/wp\/v2\/pages\/13825\/revisions"}],"predecessor-version":[{"id":14717,"href":"https:\/\/arcidiocesicampobasso.it\/index.php\/wp-json\/wp\/v2\/pages\/13825\/revisions\/14717"}],"wp:attachment":[{"href":"https:\/\/arcidiocesicampobasso.it\/index.php\/wp-json\/wp\/v2\/media?parent=13825"}],"curies":[{"name":"wp","href":"https:\/\/api.w.org\/{rel}","templated":true}]}}