{"id":10897,"date":"2024-11-22T14:51:53","date_gmt":"2024-11-22T13:51:53","guid":{"rendered":"https:\/\/arcidiocesicampobasso.it\/?page_id=10897"},"modified":"2025-05-26T15:18:05","modified_gmt":"2025-05-26T13:18:05","slug":"caritas-diocesana-2","status":"publish","type":"page","link":"https:\/\/arcidiocesicampobasso.it\/index.php\/caritas-diocesana-2\/","title":{"rendered":"CARITAS DIOCESANA"},"content":{"rendered":"\t\t<div data-elementor-type=\"wp-page\" data-elementor-id=\"10897\" class=\"elementor elementor-10897\" data-elementor-post-type=\"page\">\n\t\t\t\t<div class=\"elementor-element elementor-element-29d5b18 e-flex e-con-boxed e-con e-parent\" data-id=\"29d5b18\" data-element_type=\"container\" data-e-type=\"container\" data-settings=\"{&quot;background_background&quot;:&quot;classic&quot;}\">\n\t\t\t\t\t<div class=\"e-con-inner\">\n\t\t<div class=\"elementor-element elementor-element-f651c2c e-con-full e-flex e-con e-child\" data-id=\"f651c2c\" data-element_type=\"container\" data-e-type=\"container\">\n\t\t\t\t<div class=\"elementor-element elementor-element-baa868c elementor-widget elementor-widget-heading\" data-id=\"baa868c\" data-element_type=\"widget\" data-e-type=\"widget\" data-widget_type=\"heading.default\">\n\t\t\t\t<div class=\"elementor-widget-container\">\n\t\t\t\t\t<h1 class=\"elementor-heading-title elementor-size-default\">CARITAS DIOCESANA<\/h1>\t\t\t\t<\/div>\n\t\t\t\t<\/div>\n\t\t\t\t<\/div>\n\t\t<div class=\"elementor-element elementor-element-01c3a09 e-con-full e-flex e-con e-child\" data-id=\"01c3a09\" data-element_type=\"container\" data-e-type=\"container\">\n\t\t\t\t<\/div>\n\t\t\t\t\t<\/div>\n\t\t\t\t<\/div>\n\t\t<div class=\"elementor-element elementor-element-f7b9fb0 e-flex e-con-boxed e-con e-parent\" data-id=\"f7b9fb0\" data-element_type=\"container\" data-e-type=\"container\">\n\t\t\t\t\t<div class=\"e-con-inner\">\n\t\t<div class=\"elementor-element elementor-element-efa3999 e-con-full e-flex e-con e-child\" data-id=\"efa3999\" data-element_type=\"container\" data-e-type=\"container\">\n\t\t\t\t<div class=\"elementor-element elementor-element-a54f5d7 elementor-widget elementor-widget-text-editor\" data-id=\"a54f5d7\" data-element_type=\"widget\" data-e-type=\"widget\" data-widget_type=\"text-editor.default\">\n\t\t\t\t<div class=\"elementor-widget-container\">\n\t\t\t\t\t\t\t\t\t<h5>La Caritas \u00e8 l\u2019organismo pastorale costituito dalla Conferenza Episcopale Italiana al fine di promuovere, anche in collaborazione con altri organismi, la testimonianza della carit\u00e0 della comunit\u00e0 ecclesiale italiana, in forme consone ai tempi e ai bisogni, in vista dello sviluppo integrale dell\u2019uomo, della giustizia sociale e della pace, con particolare attenzione agli ultimi e con prevalente funzione pedagogica.<\/h5><h5><strong>La realt\u00e0 della Caritas dell\u2019Arcidiocesi di Campobasso-Bojano: Un faro di speranza per il territorio<\/strong><\/h5><h5>La Caritas dell\u2019Arcidiocesi di Campobasso-Bojano rappresenta una testimonianza concreta della missione pastorale della Chiesa, operando al servizio dei pi\u00f9 vulnerabili nelle comunit\u00e0 del territorio molisano. Con una lunga tradizione di solidariet\u00e0 e attenzione al prossimo, la Caritas diocesana si impegna a essere un punto di riferimento per chi vive situazioni di difficolt\u00e0, promuovendo la giustizia sociale e la dignit\u00e0 umana.<\/h5><h5><strong>La missione<\/strong><\/h5><h5>La Caritas di Campobasso-Bojano lavora per far fronte alle sfide sociali del territorio, caratterizzato da disuguaglianze economiche, spopolamento delle aree interne e una crescente fragilit\u00e0 sociale. Attraverso il suo operato, essa si propone non solo di offrire un aiuto immediato, ma anche di educare la comunit\u00e0 alla solidariet\u00e0 e di sensibilizzare sulle cause profonde delle povert\u00e0.<\/h5><h5><strong>Le attivit\u00e0 sul territorio<\/strong><\/h5><h5>La Caritas dell\u2019Arcidiocesi svolge un\u2019ampia gamma di attivit\u00e0 mirate a rispondere ai bisogni locali, tra cui:<\/h5><ul><li><h5><strong>Centri di ascolto diocesani:<\/strong> spazi dedicati all\u2019ascolto e all\u2019orientamento per chi si trova in difficolt\u00e0, dove le persone possono ricevere sostegno materiale e morale.<\/h5><\/li><li><h5><strong>Distribuzione di beni di prima necessit\u00e0:<\/strong> attraverso la rete delle parrocchie, vengono forniti alimenti, vestiario e altri beni essenziali a famiglie e individui in stato di bisogno.<\/h5><\/li><li><h5><strong>Servizi di accoglienza:<\/strong> mense per i poveri, dormitori e case di accoglienza per persone senza dimora, migranti e famiglie in emergenza abitativa.<\/h5><\/li><li><h5><strong>Progetti formativi:<\/strong> percorsi di educazione alla carit\u00e0, rivolti soprattutto ai giovani e alle comunit\u00e0 parrocchiali, per promuovere una cultura della solidariet\u00e0 e dell\u2019inclusione.<\/h5><\/li><\/ul><h5><strong>La sfida della prossimit\u00e0<\/strong><\/h5><h5>In un territorio come quello dell\u2019Arcidiocesi di Campobasso-Bojano, dove la distanza geografica spesso amplifica le fragilit\u00e0 sociali, la Caritas si pone come un \u201cponte\u201d tra le periferie e il centro, lavorando in rete con parrocchie, associazioni e istituzioni locali. L\u2019obiettivo \u00e8 creare una comunit\u00e0 solidale che sappia rispondere in maniera tempestiva ed efficace ai bisogni emergenti.<\/h5><h5><strong>Il valore del volontariato e della comunit\u00e0 ecclesiale<\/strong><\/h5><h5>Il cuore pulsante della Caritas diocesana sono i volontari e i collaboratori che, con dedizione e spirito di servizio, animano le diverse iniziative. Inoltre, la collaborazione con le parrocchie dell\u2019Arcidiocesi consente di ampliare la portata degli interventi, radicandoli profondamente nel tessuto comunitario.<\/h5><h5><strong>Un invito alla partecipazione<\/strong><\/h5><h5>La Caritas dell\u2019Arcidiocesi di Campobasso-Bojano non \u00e8 solo un\u2019organizzazione di aiuto, ma un richiamo a tutta la comunit\u00e0 a essere protagonista del cambiamento. Ognuno \u00e8 invitato a contribuire, con il proprio tempo, le proprie risorse e il proprio impegno, affinch\u00e9 la carit\u00e0 diventi il motore di una societ\u00e0 pi\u00f9 giusta e fraterna.<\/h5><h5>Attraverso il suo operato, la Caritas diocesana \u00e8 un segno tangibile della Chiesa che si fa vicina a chi \u00e8 in difficolt\u00e0, costruendo speranza e trasformando i gesti quotidiani in autentiche testimonianze di amore.<\/h5><h5>\u00a0<\/h5>\t\t\t\t\t\t\t\t<\/div>\n\t\t\t\t<\/div>\n\t\t\t\t<div class=\"elementor-element elementor-element-4e58c40 elementor-widget-divider--view-line elementor-widget elementor-widget-divider\" data-id=\"4e58c40\" data-element_type=\"widget\" data-e-type=\"widget\" data-widget_type=\"divider.default\">\n\t\t\t\t<div class=\"elementor-widget-container\">\n\t\t\t\t\t\t\t<div class=\"elementor-divider\">\n\t\t\t<span class=\"elementor-divider-separator\">\n\t\t\t\t\t\t<\/span>\n\t\t<\/div>\n\t\t\t\t\t\t<\/div>\n\t\t\t\t<\/div>\n\t\t\t\t<div class=\"elementor-element elementor-element-9cab58e elementor-widget elementor-widget-heading\" data-id=\"9cab58e\" data-element_type=\"widget\" data-e-type=\"widget\" data-widget_type=\"heading.default\">\n\t\t\t\t<div class=\"elementor-widget-container\">\n\t\t\t\t\t<h2 class=\"elementor-heading-title elementor-size-default\">Elenco dei membri<\/h2>\t\t\t\t<\/div>\n\t\t\t\t<\/div>\n\t\t\t\t<div class=\"elementor-element elementor-element-40ef612 elementor-grid-1 elementor-posts--thumbnail-none elementor-grid-tablet-2 elementor-grid-mobile-1 elementor-card-shadow-yes elementor-posts__hover-gradient elementor-widget elementor-widget-posts\" data-id=\"40ef612\" data-element_type=\"widget\" data-e-type=\"widget\" data-settings=\"{&quot;cards_columns&quot;:&quot;1&quot;,&quot;cards_columns_tablet&quot;:&quot;2&quot;,&quot;cards_columns_mobile&quot;:&quot;1&quot;,&quot;cards_row_gap&quot;:{&quot;unit&quot;:&quot;px&quot;,&quot;size&quot;:35,&quot;sizes&quot;:[]},&quot;cards_row_gap_tablet&quot;:{&quot;unit&quot;:&quot;px&quot;,&quot;size&quot;:&quot;&quot;,&quot;sizes&quot;:[]},&quot;cards_row_gap_mobile&quot;:{&quot;unit&quot;:&quot;px&quot;,&quot;size&quot;:&quot;&quot;,&quot;sizes&quot;:[]}}\" data-widget_type=\"posts.cards\">\n\t\t\t\t<div class=\"elementor-widget-container\">\n\t\t\t\t\t\t\t<div class=\"elementor-posts-container elementor-posts elementor-posts--skin-cards elementor-grid\" role=\"list\">\n\t\t\t\t<article class=\"elementor-post elementor-grid-item post-11216 post type-post status-publish format-standard hentry category-caritas category-consiglio-episcopale category-consiglio-per-gli-affari-economici category-consiglio-presbiteriale category-persone\" role=\"listitem\">\n\t\t\t<div class=\"elementor-post__card\">\n\t\t\t\t<div class=\"elementor-post__text\">\n\t\t\t\t<h3 class=\"elementor-post__title\">\n\t\t\t<a href=\"https:\/\/arcidiocesicampobasso.it\/index.php\/2024\/11\/25\/sac-franco-donofrio\/\" >\n\t\t\t\tSac. Franco D\u2019ONOFRIO\t\t\t<\/a>\n\t\t<\/h3>\n\t\t\t\t<\/div>\n\t\t\t\t\t<\/div>\n\t\t<\/article>\n\t\t\t\t<\/div>\n\t\t\n\t\t\t\t\t\t<\/div>\n\t\t\t\t<\/div>\n\t\t\t\t<div class=\"elementor-element elementor-element-54b2e51 elementor-widget-divider--view-line elementor-widget elementor-widget-divider\" data-id=\"54b2e51\" data-element_type=\"widget\" data-e-type=\"widget\" data-widget_type=\"divider.default\">\n\t\t\t\t<div class=\"elementor-widget-container\">\n\t\t\t\t\t\t\t<div class=\"elementor-divider\">\n\t\t\t<span class=\"elementor-divider-separator\">\n\t\t\t\t\t\t<\/span>\n\t\t<\/div>\n\t\t\t\t\t\t<\/div>\n\t\t\t\t<\/div>\n\t\t\t\t<div class=\"elementor-element elementor-element-bf80775 elementor-widget elementor-widget-heading\" data-id=\"bf80775\" data-element_type=\"widget\" data-e-type=\"widget\" data-widget_type=\"heading.default\">\n\t\t\t\t<div class=\"elementor-widget-container\">\n\t\t\t\t\t<h2 class=\"elementor-heading-title elementor-size-default\">Informazioni<\/h2>\t\t\t\t<\/div>\n\t\t\t\t<\/div>\n\t\t\t\t<\/div>\n\t\t\t\t\t<\/div>\n\t\t\t\t<\/div>\n\t\t<div class=\"elementor-element elementor-element-70360f6 e-flex e-con-boxed e-con e-parent\" data-id=\"70360f6\" data-element_type=\"container\" data-e-type=\"container\">\n\t\t\t\t\t<div class=\"e-con-inner\">\n\t\t<div class=\"elementor-element elementor-element-d74fa38 e-con-full e-flex e-con e-child\" data-id=\"d74fa38\" data-element_type=\"container\" data-e-type=\"container\">\n\t\t\t\t<div class=\"elementor-element elementor-element-5f2347f elementor-widget elementor-widget-heading\" data-id=\"5f2347f\" data-element_type=\"widget\" data-e-type=\"widget\" data-widget_type=\"heading.default\">\n\t\t\t\t<div class=\"elementor-widget-container\">\n\t\t\t\t\t<h2 class=\"elementor-heading-title elementor-size-default\">Documenti<\/h2>\t\t\t\t<\/div>\n\t\t\t\t<\/div>\n\t\t\t\t<\/div>\n\t\t<div class=\"elementor-element elementor-element-65824fd e-con-full e-flex e-con e-child\" data-id=\"65824fd\" data-element_type=\"container\" data-e-type=\"container\">\n\t\t\t\t<div class=\"elementor-element elementor-element-af56932 elementor-widget elementor-widget-heading\" data-id=\"af56932\" data-element_type=\"widget\" data-e-type=\"widget\" data-widget_type=\"heading.default\">\n\t\t\t\t<div class=\"elementor-widget-container\">\n\t\t\t\t\t<h2 class=\"elementor-heading-title elementor-size-default\">Notizie e avvisi<\/h2>\t\t\t\t<\/div>\n\t\t\t\t<\/div>\n\t\t\t\t<\/div>\n\t\t\t\t\t<\/div>\n\t\t\t\t<\/div>\n\t\t<div class=\"elementor-element elementor-element-45f64a3 e-flex e-con-boxed e-con e-parent\" data-id=\"45f64a3\" data-element_type=\"container\" data-e-type=\"container\">\n\t\t\t\t\t<div class=\"e-con-inner\">\n\t\t\t\t\t<\/div>\n\t\t\t\t<\/div>\n\t\t\t\t<\/div>\n\t\t","protected":false},"excerpt":{"rendered":"<p>CARITAS DIOCESANA La Caritas \u00e8 l\u2019organismo pastorale costituito dalla Conferenza Episcopale Italiana al fine di promuovere, anche in collaborazione con altri organismi, la testimonianza della carit\u00e0 della comunit\u00e0 ecclesiale italiana,<\/p>\n","protected":false},"author":1,"featured_media":0,"parent":0,"menu_order":0,"comment_status":"closed","ping_status":"closed","template":"elementor_header_footer","meta":{"ngg_post_thumbnail":0,"footnotes":""},"class_list":["post-10897","page","type-page","status-publish","hentry"],"_links":{"self":[{"href":"https:\/\/arcidiocesicampobasso.it\/index.php\/wp-json\/wp\/v2\/pages\/10897","targetHints":{"allow":["GET"]}}],"collection":[{"href":"https:\/\/arcidiocesicampobasso.it\/index.php\/wp-json\/wp\/v2\/pages"}],"about":[{"href":"https:\/\/arcidiocesicampobasso.it\/index.php\/wp-json\/wp\/v2\/types\/page"}],"author":[{"embeddable":true,"href":"https:\/\/arcidiocesicampobasso.it\/index.php\/wp-json\/wp\/v2\/users\/1"}],"replies":[{"embeddable":true,"href":"https:\/\/arcidiocesicampobasso.it\/index.php\/wp-json\/wp\/v2\/comments?post=10897"}],"version-history":[{"count":16,"href":"https:\/\/arcidiocesicampobasso.it\/index.php\/wp-json\/wp\/v2\/pages\/10897\/revisions"}],"predecessor-version":[{"id":14723,"href":"https:\/\/arcidiocesicampobasso.it\/index.php\/wp-json\/wp\/v2\/pages\/10897\/revisions\/14723"}],"wp:attachment":[{"href":"https:\/\/arcidiocesicampobasso.it\/index.php\/wp-json\/wp\/v2\/media?parent=10897"}],"curies":[{"name":"wp","href":"https:\/\/api.w.org\/{rel}","templated":true}]}}