{"id":10743,"date":"2024-11-19T19:08:58","date_gmt":"2024-11-19T18:08:58","guid":{"rendered":"https:\/\/arcidiocesicampobasso.it\/?page_id=10743"},"modified":"2024-12-06T16:14:35","modified_gmt":"2024-12-06T15:14:35","slug":"associazioni-e-movimenti","status":"publish","type":"page","link":"https:\/\/arcidiocesicampobasso.it\/index.php\/associazioni-e-movimenti\/","title":{"rendered":"ASSOCIAZIONI E MOVIMENTI"},"content":{"rendered":"\t\t<div data-elementor-type=\"wp-page\" data-elementor-id=\"10743\" class=\"elementor elementor-10743\" data-elementor-post-type=\"page\">\n\t\t\t\t<div class=\"elementor-element elementor-element-29d5b18 e-flex e-con-boxed e-con e-parent\" data-id=\"29d5b18\" data-element_type=\"container\" data-e-type=\"container\" data-settings=\"{&quot;background_background&quot;:&quot;classic&quot;}\">\n\t\t\t\t\t<div class=\"e-con-inner\">\n\t\t<div class=\"elementor-element elementor-element-f651c2c e-con-full e-flex e-con e-child\" data-id=\"f651c2c\" data-element_type=\"container\" data-e-type=\"container\">\n\t\t\t\t<div class=\"elementor-element elementor-element-baa868c elementor-widget elementor-widget-heading\" data-id=\"baa868c\" data-element_type=\"widget\" data-e-type=\"widget\" data-widget_type=\"heading.default\">\n\t\t\t\t<div class=\"elementor-widget-container\">\n\t\t\t\t\t<h1 class=\"elementor-heading-title elementor-size-default\">ASSOCIAZIONI E MOVIMENTI<\/h1>\t\t\t\t<\/div>\n\t\t\t\t<\/div>\n\t\t\t\t<\/div>\n\t\t<div class=\"elementor-element elementor-element-01c3a09 e-con-full e-flex e-con e-child\" data-id=\"01c3a09\" data-element_type=\"container\" data-e-type=\"container\">\n\t\t\t\t<\/div>\n\t\t\t\t\t<\/div>\n\t\t\t\t<\/div>\n\t\t<div class=\"elementor-element elementor-element-aec6402 e-flex e-con-boxed e-con e-parent\" data-id=\"aec6402\" data-element_type=\"container\" data-e-type=\"container\">\n\t\t\t\t\t<div class=\"e-con-inner\">\n\t\t\t\t<div class=\"elementor-element elementor-element-3add1f5 elementor-widget elementor-widget-text-editor\" data-id=\"3add1f5\" data-element_type=\"widget\" data-e-type=\"widget\" data-widget_type=\"text-editor.default\">\n\t\t\t\t<div class=\"elementor-widget-container\">\n\t\t\t\t\t\t\t\t\t<h5>Nella vita della nostra Arcidiocesi di Campobasso &#8211; Bojano, le <strong>Associazioni<\/strong> e i <strong>movimenti<\/strong> rivestono un ruolo attivo.<\/h5><h5 style=\"text-align: left;\"><strong>Ma cosa significano e perch\u00e9 sono cos\u00ec importanti per la nostra Chiesa locale?<\/strong><\/h5><h5>\u00a0<\/h5><h5><strong>Unione e comunit\u00e0 nella nostra terra<\/strong><\/h5><h5>L&#8217;Arcidiocesi di Campobasso &#8211; Bojano \u00e8 composta da una vasta rete di parrocchie, comunit\u00e0, famiglie e realt\u00e0 che spesso si trovano a dover affrontare le sfide quotidiane della vita. Le Associazioni e i movimenti sono uno <strong>strumento prezioso di unione<\/strong>, creando occasioni di incontro, dialogo e condivisione. Questi gruppi offrono un rifugio dove possiamo sentirci parte di una <strong>grande famiglia<\/strong> ecclesiale che va oltre le differenze, rafforzando legami di fede, speranza e amore.<\/h5><h5>\u00a0<\/h5><h5><strong>Testimoni della fede e della carit\u00e0<\/strong><\/h5><h5>Ogni Associazione e movimento della nostra Arcidiocesi ha una missione specifica, ma tutti sono animati da un unico desiderio: essere <strong>testimoni vivi della fede<\/strong> di Ges\u00f9 Cristo. Grazie alle iniziative di carit\u00e0, evangelizzazione e formazione spirituale, i movimenti locali aiutano a portare la luce del Vangelo in tutti gli angoli della nostra diocesi, nelle citt\u00e0 di Campobasso, Bojano e nei tanti piccoli centri che compongono la nostra Arcidiocesi. In un periodo storico complesso, il loro impegno a favore dei pi\u00f9 deboli e dei lontani \u00e8 un segno di speranza e di amore fraterno.<\/h5><h5>\u00a0<\/h5><h5><strong>Sostegno reciproco e formazione<\/strong><\/h5><h5>Le Associazioni e i movimenti non sono solo un luogo di <strong>preghiera<\/strong>, ma anche di <strong>formazione e crescita spirituale<\/strong>. Offrono occasioni per approfondire la nostra fede, per pregare insieme e per riflettere sui temi che toccano la vita di tutti noi. Inoltre, sono anche un&#8217;importante risorsa di <strong>sostegno reciproco<\/strong> nei momenti di difficolt\u00e0, aiutandoci ad affrontare le sfide quotidiane con la forza della comunione e della solidariet\u00e0 cristiana.<\/h5><h5>\u00a0<\/h5><h5><strong>Rinnovamento e innovazione per la nostra Arcidiocesi<\/strong><\/h5><h5>Ogni movimento o Associazione della nostra Arcidiocesi porta con s\u00e9 una <strong>proposta di rinnovamento<\/strong> e di freschezza. Questi gruppi sono spesso in grado di rispondere alle sfide della nostra societ\u00e0 moderna con soluzioni innovative, pur rimanendo saldamente radicati nella tradizione cristiana. Pensiamo agli impegni dei gruppi giovanili, alle iniziative di solidariet\u00e0 e alle esperienze di formazione che arricchiscono la nostra comunit\u00e0 ecclesiale, facendola crescere in unit\u00e0 e missione.<\/h5><h5>\u00a0<\/h5><h5><strong>Collaborazione con la Chiesa locale e il Vescovo<\/strong><\/h5><h5>In una diocesi come la nostra, le Associazioni e i movimenti sono chiamati a collaborare in piena <strong>sinergia<\/strong> con l&#8217;Arcivescovo e con il clero per realizzare il progetto pastorale che ci unisce. Ogni attivit\u00e0 che nasce da questi gruppi si inserisce nel cammino che l&#8217;Arcidiocesi sta percorrendo, arricchendolo con energie nuove e proposte concrete. La loro collaborazione \u00e8 fondamentale per costruire una <strong>Chiesa viva e vicina alle persone<\/strong>, capace di rispondere con amore alle necessit\u00e0 spirituali e materiali del nostro territorio.<\/h5><h5>\u00a0<\/h5><h5>In conclusione, le Associazioni e i movimenti all&#8217;interno dell&#8217;Arcidiocesi di Campobasso &#8211; Bojano sono una risorsa preziosa per una Chiesa che vuole essere sempre pi\u00f9 vicina alla gente, capace di crescere nella fede e di essere testimone della speranza di Cristo. Ognuno di noi, dentro la nostra Arcidiocesi, ha la possibilit\u00e0 di contribuire a rendere questa comunit\u00e0 sempre pi\u00f9 <strong>accogliente, vivace e missionaria<\/strong>.<\/h5><h5>Unisciti a noi in questo cammino!<\/h5>\t\t\t\t\t\t\t\t<\/div>\n\t\t\t\t<\/div>\n\t\t\t\t\t<\/div>\n\t\t\t\t<\/div>\n\t\t\t\t<\/div>\n\t\t","protected":false},"excerpt":{"rendered":"<p>ASSOCIAZIONI E MOVIMENTI Nella vita della nostra Arcidiocesi di Campobasso &#8211; Bojano, le Associazioni e i movimenti rivestono un ruolo attivo. Ma cosa significano e perch\u00e9 sono cos\u00ec importanti per [&hellip;]<\/p>\n","protected":false},"author":1,"featured_media":0,"parent":0,"menu_order":0,"comment_status":"closed","ping_status":"closed","template":"elementor_header_footer","meta":{"ngg_post_thumbnail":0,"footnotes":""},"class_list":["post-10743","page","type-page","status-publish","hentry"],"_links":{"self":[{"href":"https:\/\/arcidiocesicampobasso.it\/index.php\/wp-json\/wp\/v2\/pages\/10743","targetHints":{"allow":["GET"]}}],"collection":[{"href":"https:\/\/arcidiocesicampobasso.it\/index.php\/wp-json\/wp\/v2\/pages"}],"about":[{"href":"https:\/\/arcidiocesicampobasso.it\/index.php\/wp-json\/wp\/v2\/types\/page"}],"author":[{"embeddable":true,"href":"https:\/\/arcidiocesicampobasso.it\/index.php\/wp-json\/wp\/v2\/users\/1"}],"replies":[{"embeddable":true,"href":"https:\/\/arcidiocesicampobasso.it\/index.php\/wp-json\/wp\/v2\/comments?post=10743"}],"version-history":[{"count":16,"href":"https:\/\/arcidiocesicampobasso.it\/index.php\/wp-json\/wp\/v2\/pages\/10743\/revisions"}],"predecessor-version":[{"id":12958,"href":"https:\/\/arcidiocesicampobasso.it\/index.php\/wp-json\/wp\/v2\/pages\/10743\/revisions\/12958"}],"wp:attachment":[{"href":"https:\/\/arcidiocesicampobasso.it\/index.php\/wp-json\/wp\/v2\/media?parent=10743"}],"curies":[{"name":"wp","href":"https:\/\/api.w.org\/{rel}","templated":true}]}}