{"id":10220,"date":"2024-09-18T15:42:46","date_gmt":"2024-09-18T13:42:46","guid":{"rendered":"https:\/\/arcidiocesicampobasso.it\/?page_id=10220"},"modified":"2025-06-24T17:36:13","modified_gmt":"2025-06-24T15:36:13","slug":"8xmille","status":"publish","type":"page","link":"https:\/\/arcidiocesicampobasso.it\/index.php\/8xmille\/","title":{"rendered":"8xMILLE"},"content":{"rendered":"\t\t<div data-elementor-type=\"wp-page\" data-elementor-id=\"10220\" class=\"elementor elementor-10220\" data-elementor-post-type=\"page\">\n\t\t\t\t<div class=\"elementor-element elementor-element-29d5b18 e-flex e-con-boxed e-con e-parent\" data-id=\"29d5b18\" data-element_type=\"container\" data-e-type=\"container\" data-settings=\"{&quot;background_background&quot;:&quot;classic&quot;}\">\n\t\t\t\t\t<div class=\"e-con-inner\">\n\t\t<div class=\"elementor-element elementor-element-f651c2c e-con-full e-flex e-con e-child\" data-id=\"f651c2c\" data-element_type=\"container\" data-e-type=\"container\">\n\t\t\t\t<div class=\"elementor-element elementor-element-baa868c elementor-widget elementor-widget-heading\" data-id=\"baa868c\" data-element_type=\"widget\" data-e-type=\"widget\" data-widget_type=\"heading.default\">\n\t\t\t\t<div class=\"elementor-widget-container\">\n\t\t\t\t\t<h1 class=\"elementor-heading-title elementor-size-default\">8 x MILLE<\/h1>\t\t\t\t<\/div>\n\t\t\t\t<\/div>\n\t\t\t\t<\/div>\n\t\t<div class=\"elementor-element elementor-element-01c3a09 e-con-full e-flex e-con e-child\" data-id=\"01c3a09\" data-element_type=\"container\" data-e-type=\"container\">\n\t\t\t\t<\/div>\n\t\t\t\t\t<\/div>\n\t\t\t\t<\/div>\n\t\t<div class=\"elementor-element elementor-element-aec6402 e-flex e-con-boxed e-con e-parent\" data-id=\"aec6402\" data-element_type=\"container\" data-e-type=\"container\">\n\t\t\t\t\t<div class=\"e-con-inner\">\n\t\t<div class=\"elementor-element elementor-element-5588f81 e-con-full e-flex e-con e-child\" data-id=\"5588f81\" data-element_type=\"container\" data-e-type=\"container\">\n\t\t\t\t<div class=\"elementor-element elementor-element-f7bcca9 elementor-widget elementor-widget-text-editor\" data-id=\"f7bcca9\" data-element_type=\"widget\" data-e-type=\"widget\" data-widget_type=\"text-editor.default\">\n\t\t\t\t<div class=\"elementor-widget-container\">\n\t\t\t\t\t\t\t\t\t<h6>L&#8217;8 x 1000 \u00e8 una quota dell&#8217;imposta sul reddito delle persone fisiche (IRPEF) che i contribuenti possono destinare a favore della Chiesa cattolica o di altri enti religiosi o sociali. Nella diocesi di Campobasso-Bojano, come in molte altre diocesi italiane, questa forma di finanziamento rappresenta una risorsa importante per sostenere le attivit\u00e0 pastorali, caritative, culturali e sociali promosse dalla Chiesa locale.<\/h6><h6><strong>Uso dell&#8217;8 x 1000 nella diocesi di Campobasso-Bojano:<\/strong><\/h6><ol><li><h6><strong>Sostegno alle opere caritative e sociali<\/strong>: Una parte dei fondi ricevuti grazie all&#8217;8 x 1000 viene utilizzata per attivit\u00e0 caritative, come il supporto a famiglie in difficolt\u00e0, l&#8217;assistenza ai poveri e agli emarginati, nonch\u00e9 progetti di solidariet\u00e0 locale e internazionale. La diocesi \u00e8 attivamente coinvolta in iniziative di aiuto per i pi\u00f9 bisognosi, come mense, case di accoglienza e altre strutture di supporto.<\/h6><\/li><li><h6><strong>Mantenimento e ristrutturazione delle chiese<\/strong>: I fondi dell&#8217;8 x 1000 contribuiscono anche alla conservazione e al restauro del patrimonio ecclesiastico, come chiese, campanili e altri edifici storici di valore religioso e culturale. La diocesi di Campobasso-Bojano, con il suo ricco patrimonio artistico e storico, destina una parte significativa a questo tipo di interventi.<\/h6><\/li><li><h6><strong>Formazione e attivit\u00e0 pastorale<\/strong>: L&#8217;8 x 1000 \u00e8 utilizzato per sostenere le attivit\u00e0 pastorali e formative, come corsi di catechesi, eventi spirituali, incontri di formazione per i sacerdoti e i laici, oltre alla preparazione di nuovi progetti pastorali a livello locale.<\/h6><\/li><li><h6><strong>Promozione della cultura e della spiritualit\u00e0<\/strong>: La diocesi si impegna anche in iniziative culturali e spirituali, che mirano a rafforzare la fede e la comunit\u00e0 locale, come eventi, conferenze e attivit\u00e0 di evangelizzazione.<\/h6><\/li><li><h6><strong>Supporto alle vocazioni e alla formazione del clero<\/strong>: Una parte dei fondi viene destinata alla formazione dei giovani seminaristi e al supporto delle vocazioni religiose, garantendo che ci sia un numero adeguato di sacerdoti per il servizio pastorale nelle varie parrocchie della diocesi.<\/h6><\/li><\/ol><h6><strong>Trasparenza e responsabilit\u00e0:<\/strong><\/h6><h6>Come in altre diocesi, anche a Campobasso-Bojano la gestione dei fondi dell&#8217;8 x 1000 \u00e8 soggetta a trasparenza. La diocesi \u00e8 tenuta a rendere conto dell&#8217;utilizzo di questi fondi tramite report pubblici, in modo che i fedeli possano vedere come vengono utilizzati i contributi destinati alla Chiesa.<\/h6><h6>In sintesi, l&#8217;8 x 1000 nella diocesi di Campobasso-Bojano rappresenta una risorsa fondamentale per promuovere attivit\u00e0 religiose, sociali e culturali, sostenendo sia la vita spirituale della comunit\u00e0 che le necessit\u00e0 pi\u00f9 urgenti della popolazione. Il contributo dei fedeli in questa direzione \u00e8 essenziale per il proseguimento delle attivit\u00e0 della Chiesa sul territorio.<\/h6><h6>\u00a0<\/h6>\t\t\t\t\t\t\t\t<\/div>\n\t\t\t\t<\/div>\n\t\t\t\t<div class=\"elementor-element elementor-element-aa9a42b elementor-widget elementor-widget-text-editor\" data-id=\"aa9a42b\" data-element_type=\"widget\" data-e-type=\"widget\" data-widget_type=\"text-editor.default\">\n\t\t\t\t<div class=\"elementor-widget-container\">\n\t\t\t\t\t\t\t\t\t<p>\u00a0<\/p>\n<p><strong><a href=\"https:\/\/arcidiocesicampobasso.it\/wp-content\/uploads\/2025\/06\/PROT-304.pdf\">Protocollo 304<\/a><\/strong><\/p>\n<p><strong><a href=\"https:\/\/arcidiocesicampobasso.it\/wp-content\/uploads\/2024\/08\/PROT-332.pdf\">Protocollo 332<\/a><\/strong><\/p>\n<p><strong><a href=\"https:\/\/arcidiocesicampobasso.it\/wp-content\/uploads\/2022\/07\/Prot300.pdf\">Protocollo 300<\/a><\/strong><\/p>\n<p><strong><a href=\"https:\/\/arcidiocesicampobasso.it\/wp-content\/uploads\/2020\/02\/prot-272.pdf\">Protocollo 272<\/a><\/strong><\/p>\n<p><a href=\"https:\/\/arcidiocesicampobasso.it\/wp-content\/uploads\/2020\/07\/MX-2314N_20200714_144924.pdf\"><strong>Protocollo 301<\/strong><\/a><\/p>\n<p><strong><a href=\"https:\/\/arcidiocesicampobasso.it\/wp-content\/uploads\/2020\/07\/prot-265-2021.pdf\">Protocollo 265<\/a><\/strong><\/p>\n<p><strong><a href=\"https:\/\/arcidiocesicampobasso.it\/wp-content\/uploads\/2020\/07\/prot-560.pdf\">Protocollo 560<\/a><\/strong><\/p>\n<p><strong><a href=\"https:\/\/arcidiocesicampobasso.it\/wp-content\/uploads\/2023\/07\/PROT-326.pdf\">Protocollo 326<\/a><\/strong><\/p>\t\t\t\t\t\t\t\t<\/div>\n\t\t\t\t<\/div>\n\t\t\t\t<\/div>\n\t\t\t\t\t<\/div>\n\t\t\t\t<\/div>\n\t\t\t\t<\/div>\n\t\t","protected":false},"excerpt":{"rendered":"<p>8 x MILLE L&#8217;8 x 1000 \u00e8 una quota dell&#8217;imposta sul reddito delle persone fisiche (IRPEF) che i contribuenti possono destinare a favore della Chiesa cattolica o di altri enti [&hellip;]<\/p>\n","protected":false},"author":10,"featured_media":0,"parent":0,"menu_order":0,"comment_status":"closed","ping_status":"closed","template":"elementor_header_footer","meta":{"ngg_post_thumbnail":0,"footnotes":""},"class_list":["post-10220","page","type-page","status-publish","hentry"],"_links":{"self":[{"href":"https:\/\/arcidiocesicampobasso.it\/index.php\/wp-json\/wp\/v2\/pages\/10220","targetHints":{"allow":["GET"]}}],"collection":[{"href":"https:\/\/arcidiocesicampobasso.it\/index.php\/wp-json\/wp\/v2\/pages"}],"about":[{"href":"https:\/\/arcidiocesicampobasso.it\/index.php\/wp-json\/wp\/v2\/types\/page"}],"author":[{"embeddable":true,"href":"https:\/\/arcidiocesicampobasso.it\/index.php\/wp-json\/wp\/v2\/users\/10"}],"replies":[{"embeddable":true,"href":"https:\/\/arcidiocesicampobasso.it\/index.php\/wp-json\/wp\/v2\/comments?post=10220"}],"version-history":[{"count":14,"href":"https:\/\/arcidiocesicampobasso.it\/index.php\/wp-json\/wp\/v2\/pages\/10220\/revisions"}],"predecessor-version":[{"id":18826,"href":"https:\/\/arcidiocesicampobasso.it\/index.php\/wp-json\/wp\/v2\/pages\/10220\/revisions\/18826"}],"wp:attachment":[{"href":"https:\/\/arcidiocesicampobasso.it\/index.php\/wp-json\/wp\/v2\/media?parent=10220"}],"curies":[{"name":"wp","href":"https:\/\/api.w.org\/{rel}","templated":true}]}}